{"id":63,"date":"2021-03-21T17:27:20","date_gmt":"2021-03-21T16:27:20","guid":{"rendered":"http:\/\/crmw.fr\/?page_id=63"},"modified":"2023-03-29T14:32:15","modified_gmt":"2023-03-29T12:32:15","slug":"informations","status":"publish","type":"page","link":"https:\/\/crmw.fr\/?page_id=63","title":{"rendered":"Informations"},"content":{"rendered":"\n<p><strong>Unit\u00e9 INSERM U1176<\/strong><\/p>\n\n\n\n<p>80, rue du G\u00e9n\u00e9ral Leclerc<\/p>\n\n\n\n<p>94276 <strong>LE KREMLIN BICETRE<\/strong> Cedex<\/p>\n\n\n\n<p>T\u00e9l&nbsp;: 01 49 59 56 00<\/p>\n\n\n\n<p><strong>Dr C. Denis<\/strong><\/p>\n\n\n\n<p>Dr P. Lenting Dr O. Christophe<\/p>\n","protected":false},"excerpt":{"rendered":"<p>Unit\u00e9 INSERM U1176 80, rue du G\u00e9n\u00e9ral Leclerc 94276 LE KREMLIN BICETRE Cedex T\u00e9l&nbsp;: 01 49 59 56 00 Dr<\/p>\n","protected":false},"author":1,"featured_media":0,"parent":61,"menu_order":1,"comment_status":"closed","ping_status":"closed","template":"","meta":{"colormag_page_container_layout":"default_layout","colormag_page_sidebar_layout":"default_layout","footnotes":""},"class_list":["post-63","page","type-page","status-publish","hentry"],"_links":{"self":[{"href":"https:\/\/crmw.fr\/index.php?rest_route=\/wp\/v2\/pages\/63","targetHints":{"allow":["GET"]}}],"collection":[{"href":"https:\/\/crmw.fr\/index.php?rest_route=\/wp\/v2\/pages"}],"about":[{"href":"https:\/\/crmw.fr\/index.php?rest_route=\/wp\/v2\/types\/page"}],"author":[{"embeddable":true,"href":"https:\/\/crmw.fr\/index.php?rest_route=\/wp\/v2\/users\/1"}],"replies":[{"embeddable":true,"href":"https:\/\/crmw.fr\/index.php?rest_route=%2Fwp%2Fv2%2Fcomments&post=63"}],"version-history":[{"count":3,"href":"https:\/\/crmw.fr\/index.php?rest_route=\/wp\/v2\/pages\/63\/revisions"}],"predecessor-version":[{"id":1178,"href":"https:\/\/crmw.fr\/index.php?rest_route=\/wp\/v2\/pages\/63\/revisions\/1178"}],"up":[{"embeddable":true,"href":"https:\/\/crmw.fr\/index.php?rest_route=\/wp\/v2\/pages\/61"}],"wp:attachment":[{"href":"https:\/\/crmw.fr\/index.php?rest_route=%2Fwp%2Fv2%2Fmedia&parent=63"}],"curies":[{"name":"wp","href":"https:\/\/api.w.org\/{rel}","templated":true}]}}