{"id":59,"date":"2021-07-09T14:24:44","date_gmt":"2021-07-09T12:24:44","guid":{"rendered":"http:\/\/crmw.fr\/?page_id=59"},"modified":"2023-02-20T14:22:13","modified_gmt":"2023-02-20T13:22:13","slug":"association-de-patient-afh","status":"publish","type":"page","link":"https:\/\/crmw.fr\/?page_id=59","title":{"rendered":"Association de Patient AFH"},"content":{"rendered":"\n<p>L\u2019Association fran\u00e7aise des h\u00e9mophiles (AFH) regroupe les personnes concern\u00e9es par les maladies h\u00e9morragiques rares (MHR) :<strong> h\u00e9mophilie, maladie de Willebrand, pathologies plaquettaires ainsi que les autres troubles rares de la coagulation.<\/strong><\/p>\n\n\n\n<p>En France, on estime \u00e0<strong> 15 000<\/strong> le nombre de <strong>personnes affect\u00e9es<\/strong> par un processus de coagulation d\u00e9faillant.<\/p>\n\n\n\n<p>L\u2019AFH souhaite garantir la s\u00e9curit\u00e9, la qualit\u00e9 et l\u2019acc\u00e8s aux soins et aux traitements pour tous<strong>, am\u00e9liorer la qualit\u00e9 de vie de tous et \u00e0 terme gu\u00e9rir l\u2019h\u00e9mophilie et les MHR.<\/strong><\/p>\n\n\n\n<p>Aider la vie et porter la voix des patients<\/p>\n\n\n<h4>Aider la vie et porter la voix des patients<\/h4>\n\n\n<p>Fond\u00e9e en 1955, l\u2019Association fran\u00e7aise des h\u00e9mophiles (AFH) s\u2019est donn\u00e9e un r\u00f4le d\u2019information, d\u2019entraide et de d\u00e9fense des droits des personnes atteintes d\u2019h\u00e9mophilie, de la maladie de Willebrand et de troubles h\u00e9morragiques constitutionnels.<\/p>\n\n\n\n<p>L\u2019Association milite pour une am\u00e9lioration constante des connaissances, des traitements et de la prise en charge des troubles rares de la coagulation. Elle est particuli\u00e8rement vigilante aux questions de s\u00e9curit\u00e9 des traitements. Elle propose un programme de formation sur les enjeux d\u2019\u00e9ducation th\u00e9rapeutique du patient et du plaidoyer en sant\u00e9. Elle soutient la recherche et a d\u00e9velopp\u00e9 un programme d\u2019aide internationale pour les maladies h\u00e9morragiques rares.<\/p>\n\n\n\n<p>Pour \u00eatre plus proches de ses adh\u00e9rents, 24 comit\u00e9s r\u00e9gionaux sont pr\u00e9sents dans toute la France m\u00e9tropolitaine et dans les DOM.<\/p>\n\n\n\n<p>L\u2019AFH est reconnue d\u2019utilit\u00e9 publique et agr\u00e9\u00e9e pour repr\u00e9senter les usagers du syst\u00e8me de sant\u00e9.<\/p>\n\n\n\n<p>Pour plus d\u2019informations sur les maladies h\u00e9morragiques rares, consultez<a href=\"https:\/\/mhemo.fr\/\"> le site de la fili\u00e8re Mhemo<\/a><\/p>\n\n\n<h4 style=\"background: white;\"><span lang=\"fr\">Le r\u00e9seau de l\u2019AFH<\/span><\/h4>\n<p>Pour \u00eatre plus forte, l\u2019AFH est membre de la F\u00e9d\u00e9ration mondiale de l\u2019h\u00e9mophilie et du Consortium europ\u00e9en de l\u2019h\u00e9mophilie.<\/p>\n<p>L\u2019AFH participe \u00e9galement \u00e0 de nombreux travaux interassociatifs, notamment ceux&nbsp; de l\u2019Union nationale des associations agr\u00e9\u00e9es d\u2019usagers du syst\u00e8me de sant\u00e9 d\u00e9nomm\u00e9 France Assos Sant\u00e9 et de l\u2019Alliance Maladies Rares qu\u2019elle a rejoint d\u00e8s leur cr\u00e9ation.<\/p>\n<p>Partenaire actif des organismes de sant\u00e9 publique, l\u2019AFH est membre du comit\u00e9 de pilotage des produits antih\u00e9mophiliques de l\u2019Agence nationale de s\u00e9curit\u00e9 du m\u00e9dicament et des produits de sant\u00e9 (ANSM), de&nbsp; FranceCoag, registre \u00e9pid\u00e9miologique des maladies h\u00e9morragiques rares de et administrateur de l\u2019Etablissement fran\u00e7ais du sang (EFS).<\/p>\n<p>Elle est membre des comit\u00e9s de pilotage de la fili\u00e8res sant\u00e9 maladies rares MHEMO qui regroupe le Centre de r\u00e9f\u00e9rence de l\u2019h\u00e9mophilie et autres maladies h\u00e9morragiques constitutionnelles (CRMH), le Centre de r\u00e9f\u00e9rence de la maladie de Willebrand (CRMW) et le Centre de r\u00e9f\u00e9rence des pathologies plaquettaires t\u00e9moignant de son engagement aux c\u00f4t\u00e9s des professionnels de sant\u00e9. Elle est aussi membre du conseil d\u2019orientation de l\u2019Office national d\u2019indemnisation des accidents m\u00e9dicaux (ONIAM).<\/p>\n<h4>AFH Infos Service : une permanence d\u2019accompagnement pour les patients et proches<\/h4>\n\n\n<p>Une permanence d\u2019accompagnement de l\u2019AFH est \u00e0 disposition des patients, parents, grand-parent, conjoint-e, aidant-e, soignant-e.<\/p>\n\n\n\n<ul class=\"wp-block-list\"><li>num\u00e9ro de t\u00e9l : <strong>06 61 25 67 03 <\/strong>ou<strong> 06 84 26 24 63<br><br><\/strong><\/li><li>adresse e-mail de la cellule : <strong>accompagnement@afh.asso.fr<br><br><\/strong><\/li><li>sujets pouvant \u00eatre abord\u00e9s : <strong>\u00e9coute et soutien, d\u00e9marches administratives, annonce du diagnostic, assurance de pr\u00eats, voyage, informations sur la pathologie, prise en charge m\u00e9dicale, et toute autre question<br><br><\/strong><\/li><li>modalit\u00e9s de r\u00e9ponse : <strong>par t\u00e9l\u00e9phone et par mail. Selon les demandes, les d\u00e9lais peuvent varier mais de fa\u00e7on g\u00e9n\u00e9rale une r\u00e9ponse est faite entre 24h et 72h .<\/strong><\/li><\/ul>\n\n\n\n<p><\/p>\n\n\n\n<p><a href=\"https:\/\/afh.asso.fr\/avec-lafh\/notre-organisation-en-chiffres\/les-commissions\/willebrand\/\" target=\"_blank\" rel=\"noreferrer noopener\">En savoir plus sur la Commission Willebrand de l\u2019AFH<\/a><\/p>\n\n\n\n<p><a rel=\"noreferrer noopener\" href=\"https:\/\/afh.asso.fr\/avec-lafh\/notre-organisation-en-chiffres\/les-commissions\/femmes\/\" target=\"_blank\">En savoir plus sur la Commission Femmes de l\u2019AFH<\/a><\/p>\n\n\n\n<div class=\"wp-block-file\"><a href=\"https:\/\/crmw.fr\/wp-content\/uploads\/2023\/02\/Plaquette-Seniors-AFH_Partenaire_AFH.pdf\" target=\"_blank\" rel=\"noreferrer noopener\">Plaquette Seniors AFH<\/a><\/div>\n","protected":false},"excerpt":{"rendered":"<p>L\u2019Association fran\u00e7aise des h\u00e9mophiles (AFH) regroupe les personnes concern\u00e9es par les maladies h\u00e9morragiques rares (MHR) : h\u00e9mophilie, maladie de Willebrand,<\/p>\n","protected":false},"author":1,"featured_media":0,"parent":91,"menu_order":1,"comment_status":"closed","ping_status":"closed","template":"","meta":{"colormag_page_container_layout":"default_layout","colormag_page_sidebar_layout":"default_layout","footnotes":""},"class_list":["post-59","page","type-page","status-publish","hentry"],"_links":{"self":[{"href":"https:\/\/crmw.fr\/index.php?rest_route=\/wp\/v2\/pages\/59","targetHints":{"allow":["GET"]}}],"collection":[{"href":"https:\/\/crmw.fr\/index.php?rest_route=\/wp\/v2\/pages"}],"about":[{"href":"https:\/\/crmw.fr\/index.php?rest_route=\/wp\/v2\/types\/page"}],"author":[{"embeddable":true,"href":"https:\/\/crmw.fr\/index.php?rest_route=\/wp\/v2\/users\/1"}],"replies":[{"embeddable":true,"href":"https:\/\/crmw.fr\/index.php?rest_route=%2Fwp%2Fv2%2Fcomments&post=59"}],"version-history":[{"count":7,"href":"https:\/\/crmw.fr\/index.php?rest_route=\/wp\/v2\/pages\/59\/revisions"}],"predecessor-version":[{"id":1149,"href":"https:\/\/crmw.fr\/index.php?rest_route=\/wp\/v2\/pages\/59\/revisions\/1149"}],"up":[{"embeddable":true,"href":"https:\/\/crmw.fr\/index.php?rest_route=\/wp\/v2\/pages\/91"}],"wp:attachment":[{"href":"https:\/\/crmw.fr\/index.php?rest_route=%2Fwp%2Fv2%2Fmedia&parent=59"}],"curies":[{"name":"wp","href":"https:\/\/api.w.org\/{rel}","templated":true}]}}