{"id":47,"date":"2021-03-21T17:24:48","date_gmt":"2021-03-21T16:24:48","guid":{"rendered":"http:\/\/crmw.fr\/?page_id=47"},"modified":"2026-08-13T12:57:27","modified_gmt":"2026-08-13T10:57:27","slug":"etat-de-la-recherche","status":"publish","type":"page","link":"https:\/\/crmw.fr\/?page_id=47","title":{"rendered":"Recherches en cours"},"content":{"rendered":"\n<div class=\"wp-block-group is-layout-flow wp-block-group-is-layout-flow\">\n<div class=\"wp-block-group is-layout-flow wp-block-group-is-layout-flow\">\n<div class=\"wp-block-group is-layout-flow wp-block-group-is-layout-flow\">\n<ol class=\"wp-block-list has-black-color has-vivid-cyan-blue-background-color has-text-color has-background\">\n<li>Corr\u00e9lation g\u00e9notype-ph\u00e9notype dans la maladie de Willebrand de type 2N<\/li>\n<\/ol>\n<\/div>\n\n\n\n<p class=\"has-black-color has-text-color has-medium-font-size wp-block-paragraph\"><strong><span style=\"text-decoration: underline;\">Description<\/span><\/strong><\/p>\n\n\n\n<p class=\"wp-block-paragraph\">Corr\u00e9lation g\u00e9notype-ph\u00e9notype dans la maladie de Willebrand de type 2N<\/p>\n\n\n\n<p class=\"has-medium-font-size wp-block-paragraph\"><strong><span style=\"text-decoration: underline;\">Avancement<\/span><\/strong><\/p>\n\n\n\n<p class=\"wp-block-paragraph\">Publi\u00e9e <\/p>\n\n\n\n<p class=\"has-medium-font-size wp-block-paragraph\"><strong><span style=\"text-decoration: underline;\">But<\/span><\/strong><\/p>\n\n\n\n<p class=\"wp-block-paragraph\">D\u00e9crire l\u2019impact du g\u00e9notype sur le ph\u00e9notype biologique et clinique chez les patients atteints de Maladie de Willebrand 2N <\/p>\n\n\n\n<p class=\"wp-block-paragraph\"> Responsable de traitement : CRMW  <\/p>\n\n\n\n<p class=\"wp-block-paragraph\">Responsable scientifique : Dr M\u00e9lanie DANIEL  <\/p>\n\n\n\n<p class=\"has-medium-font-size wp-block-paragraph\"><strong><span style=\"text-decoration: underline;\">Autorisations r\u00e9glementaires -Note d&#8217;information<\/span><\/strong><\/p>\n\n\n\n<p class=\"wp-block-paragraph\">Ce projet a \u00e9t\u00e9 int\u00e9gr\u00e9 par le DPO dans le registre des traitements du CHU de Lille sous le num\u00e9ro DEC23-107.<\/p>\n\n\n\n<div class=\"wp-block-buttons is-layout-flex wp-block-buttons-is-layout-flex\">\n<div class=\"wp-block-button\"><a class=\"wp-block-button__link wp-element-button\" href=\"https:\/\/crmw.fr\/wp-content\/uploads\/2024\/08\/etude-N24-Interne-MR004-NOTICE-INFORMATION-NON-OP-RNIPH.pdf\" target=\"_blank\" rel=\"noreferrer noopener\">Note d&#8217;information projet 2N<\/a><\/div>\n<\/div>\n\n\n\n<p class=\"wp-block-paragraph\"><strong>Cat\u00e9gories de personnes\/donn\u00e9es concern\u00e9es<\/strong>&nbsp;:&nbsp;<\/p>\n\n\n\n<p class=\"wp-block-paragraph\">&nbsp;&nbsp;&nbsp;&nbsp;&nbsp;&nbsp;&nbsp;&nbsp;&nbsp;&nbsp; &nbsp;&nbsp;&nbsp;&nbsp;&nbsp;&nbsp;&nbsp;&nbsp;&nbsp;&nbsp;&nbsp; Patients atteints de Maladie de Willebrand 2N<\/p>\n\n\n\n<p class=\"wp-block-paragraph\">&nbsp;&nbsp;&nbsp;&nbsp;&nbsp;&nbsp;&nbsp;&nbsp;&nbsp;&nbsp; &nbsp;&nbsp;&nbsp;&nbsp;&nbsp;&nbsp;&nbsp;&nbsp;&nbsp;&nbsp;&nbsp; Donn\u00e9es cliniques et biologiques<\/p>\n\n\n\n<p class=\"wp-block-paragraph\">&nbsp;&nbsp;&nbsp;&nbsp;&nbsp;&nbsp;&nbsp;&nbsp;&nbsp;&nbsp; &nbsp;&nbsp;&nbsp;&nbsp;&nbsp;&nbsp;&nbsp;&nbsp;&nbsp;&nbsp;&nbsp; Prise de traitement sp\u00e9cifique \u00e0 la Maladie de Willebrand<\/p>\n<\/div>\n<\/div>\n\n\n\n<p class=\"wp-block-paragraph\">Vous pouvez exercer \u00e0 tout moment vos droits individuels d&#8217;acc\u00e8s \u00e0 vos donn\u00e9es ou \u00e0 celles de votre enfant, de rectification de celles-ci, de limitation ou d&#8217;opposition \u00e0 leur utilisation ou \u00e0 leur transmission (portabilit\u00e9), et d&#8217;effacement en vous adressant au D\u00e9l\u00e9gu\u00e9 \u00e0 la Protection des Donn\u00e9es (DPO) par courriel&nbsp;: <a href=\"mailto:dpo@chru-lille.fr\">dpo@chru-lille.fr<\/a><\/p>\n\n\n\n<p class=\"has-medium-font-size wp-block-paragraph\"><strong><span style=\"text-decoration: underline;\">Publication<\/span><\/strong><\/p>\n\n\n\n<div class=\"wp-block-buttons is-layout-flex wp-block-buttons-is-layout-flex\">\n<div class=\"wp-block-button is-style-outline is-style-outline--1\" id=\"https:\/\/www.sciencedirect.com\/science\/article\/pii\/S1538783624003817?via%3Dihub\"><a class=\"wp-block-button__link wp-element-button\" href=\"https:\/\/www.sciencedirect.com\/science\/article\/abs\/pii\/S1538783624003817?via%3Dihub\" target=\"_blank\" rel=\"noreferrer noopener\">Acc\u00e9der \u00e0 la publication<\/a><\/div>\n<\/div>\n\n\n\n<p class=\"wp-block-paragraph\"><\/p>\n","protected":false},"excerpt":{"rendered":"<p>Description Corr\u00e9lation g\u00e9notype-ph\u00e9notype dans la maladie de Willebrand de type 2N Avancement Publi\u00e9e But D\u00e9crire l\u2019impact du g\u00e9notype sur le<\/p>\n","protected":false},"author":1,"featured_media":0,"parent":89,"menu_order":1,"comment_status":"closed","ping_status":"closed","template":"","meta":{"colormag_page_container_layout":"default_layout","colormag_page_sidebar_layout":"default_layout","footnotes":""},"class_list":["post-47","page","type-page","status-publish","hentry"],"_links":{"self":[{"href":"https:\/\/crmw.fr\/index.php?rest_route=\/wp\/v2\/pages\/47","targetHints":{"allow":["GET"]}}],"collection":[{"href":"https:\/\/crmw.fr\/index.php?rest_route=\/wp\/v2\/pages"}],"about":[{"href":"https:\/\/crmw.fr\/index.php?rest_route=\/wp\/v2\/types\/page"}],"author":[{"embeddable":true,"href":"https:\/\/crmw.fr\/index.php?rest_route=\/wp\/v2\/users\/1"}],"replies":[{"embeddable":true,"href":"https:\/\/crmw.fr\/index.php?rest_route=%2Fwp%2Fv2%2Fcomments&post=47"}],"version-history":[{"count":47,"href":"https:\/\/crmw.fr\/index.php?rest_route=\/wp\/v2\/pages\/47\/revisions"}],"predecessor-version":[{"id":1539,"href":"https:\/\/crmw.fr\/index.php?rest_route=\/wp\/v2\/pages\/47\/revisions\/1539"}],"up":[{"embeddable":true,"href":"https:\/\/crmw.fr\/index.php?rest_route=\/wp\/v2\/pages\/89"}],"wp:attachment":[{"href":"https:\/\/crmw.fr\/index.php?rest_route=%2Fwp%2Fv2%2Fmedia&parent=47"}],"curies":[{"name":"wp","href":"https:\/\/api.w.org\/{rel}","templated":true}]}}

<div class="wp-block-group is-layout-flow wp-block-group-is-layout-flow">
<div class="wp-block-group is-layout-flow wp-block-group-is-layout-flow">
<div class="wp-block-group is-layout-flow wp-block-group-is-layout-flow">
<ol class="wp-block-list has-black-color has-vivid-cyan-blue-background-color has-text-color has-background">
<li>Corrélation génotype-phénotype dans la maladie de Willebrand de type 2N</li>
</ol>
</div>



<p class="has-black-color has-text-color has-medium-font-size wp-block-paragraph"><strong><span style="text-decoration: underline;">Description</span></strong></p>



<p class="wp-block-paragraph">Corrélation génotype-phénotype dans la maladie de Willebrand de type 2N</p>



<p class="has-medium-font-size wp-block-paragraph"><strong><span style="text-decoration: underline;">Avancement</span></strong></p>



<p class="wp-block-paragraph">Publiée </p>



<p class="has-medium-font-size wp-block-paragraph"><strong><span style="text-decoration: underline;">But</span></strong></p>



<p class="wp-block-paragraph">Décrire l’impact du génotype sur le phénotype biologique et clinique chez les patients atteints de Maladie de Willebrand 2N </p>



<p class="wp-block-paragraph"> Responsable de traitement : CRMW  </p>



<p class="wp-block-paragraph">Responsable scientifique : Dr Mélanie DANIEL  </p>



<p class="has-medium-font-size wp-block-paragraph"><strong><span style="text-decoration: underline;">Autorisations réglementaires -Note d&#8217;information</span></strong></p>



<p class="wp-block-paragraph">Ce projet a été intégré par le DPO dans le registre des traitements du CHU de Lille sous le numéro DEC23-107.</p>



<div class="wp-block-buttons is-layout-flex wp-block-buttons-is-layout-flex">
<div class="wp-block-button"><a class="wp-block-button__link wp-element-button" href="https://crmw.fr/wp-content/uploads/2024/08/etude-N24-Interne-MR004-NOTICE-INFORMATION-NON-OP-RNIPH.pdf" target="_blank" rel="noreferrer noopener">Note d&#8217;information projet 2N</a></div>
</div>



<p class="wp-block-paragraph"><strong>Catégories de personnes/données concernées</strong>&nbsp;:&nbsp;</p>



<p class="wp-block-paragraph">&nbsp;&nbsp;&nbsp;&nbsp;&nbsp;&nbsp;&nbsp;&nbsp;&nbsp;&nbsp; &nbsp;&nbsp;&nbsp;&nbsp;&nbsp;&nbsp;&nbsp;&nbsp;&nbsp;&nbsp;&nbsp; Patients atteints de Maladie de Willebrand 2N</p>



<p class="wp-block-paragraph">&nbsp;&nbsp;&nbsp;&nbsp;&nbsp;&nbsp;&nbsp;&nbsp;&nbsp;&nbsp; &nbsp;&nbsp;&nbsp;&nbsp;&nbsp;&nbsp;&nbsp;&nbsp;&nbsp;&nbsp;&nbsp; Données cliniques et biologiques</p>



<p class="wp-block-paragraph">&nbsp;&nbsp;&nbsp;&nbsp;&nbsp;&nbsp;&nbsp;&nbsp;&nbsp;&nbsp; &nbsp;&nbsp;&nbsp;&nbsp;&nbsp;&nbsp;&nbsp;&nbsp;&nbsp;&nbsp;&nbsp; Prise de traitement spécifique à la Maladie de Willebrand</p>
</div>
</div>



<p class="wp-block-paragraph">Vous pouvez exercer à tout moment vos droits individuels d&#8217;accès à vos données ou à celles de votre enfant, de rectification de celles-ci, de limitation ou d&#8217;opposition à leur utilisation ou à leur transmission (portabilité), et d&#8217;effacement en vous adressant au Délégué à la Protection des Données (DPO) par courriel&nbsp;: <a href="mailto:dpo@chru-lille.fr">dpo@chru-lille.fr</a></p>



<p class="has-medium-font-size wp-block-paragraph"><strong><span style="text-decoration: underline;">Publication</span></strong></p>



<div class="wp-block-buttons is-layout-flex wp-block-buttons-is-layout-flex">
<div class="wp-block-button is-style-outline is-style-outline--1" id="https://www.sciencedirect.com/science/article/pii/S1538783624003817?via%3Dihub"><a class="wp-block-button__link wp-element-button" href="https://www.sciencedirect.com/science/article/abs/pii/S1538783624003817?via%3Dihub" target="_blank" rel="noreferrer noopener">Accéder à la publication</a></div>
</div>



<p class="wp-block-paragraph"></p>

<p>Description Corrélation génotype-phénotype dans la maladie de Willebrand de type 2N Avancement Publiée But Décrire l’impact du génotype sur le</p>
